
In base 9, what is 158816 + 50?
158866
In base 12, what is -5 + 595814?
59580b
In base 10, what is -180 + 119211?
119031
In base 4, what is -2230030100121 - -2?
-2230030100113
In base 14, what is -10b137 - -c?
-10b129
In base 15, what is -7150 - -d840?
66e0
In base 12, what is -1b6 + -699b70?
-69a166
In base 10, what is -22181189 - 4?
-22181193
In base 3, what is 2 - 1101220100000000?
-1101220022222221
In base 2, what is -100101000 + -1111110110010011?
-1111111010111011
In base 9, what is 216362665 - -5?
216362671
In base 11, what is -19077 - -aa?
-18a78
In base 3, what is -10022010022200 - -1002?
-10022010021121
In base 9, what is -18 + 32060612?
32060583
In base 7, what is -300000044 + 1?
-300000043
In base 9, what is -727 - -1031030?
1030202
In base 10, what is -438 + 22139?
21701
In base 11, what is 168 + 588490?
588648
In base 14, what is -49b7 + -50b?
-50c4
In base 3, what is 12110100 - 11201100012?
-11111212212
In base 5, what is -43111014 + 3?
-43111011
In base 10, what is -476 - 5243?
-5719
In base 16, what is -674a8 - -31?
-67477
In base 13, what is -146 + -3b934b?
-3b9494
In base 11, what is -475199 - 941?
-47602a
In base 14, what is 26d08 - -131?
27039
In base 13, what is -704b62 - -22?
-704b40
In base 6, what is -131103502 - 30?
-131103532
In base 7, what is -26341504 + 16?
-26341455
In base 6, what is -1300313 + -3011?
-1303324
In base 16, what is f251 + -d7?
f17a
In base 2, what is -1000010010010 + -1110110100011101?
-1111110110101111
In base 3, what is -1 - 10201022001021102?
-10201022001021110
In base 8, what is -4 + -602541250?
-602541254
In base 2, what is 11100 + -1010000001111001101011?
-1010000001111001001111
In base 16, what is -69cd2 + b?
-69cc7
In base 16, what is 334a0 + 10?
334b0
In base 3, what is 110100111000002 + -12?
110100110222220
In base 11, what is 234 - -877a58?
878191
In base 10, what is 3962 - -15340?
19302
In base 5, what is 22322 + -13431433?
-13404111
In base 6, what is 4443421 - -101?
4443522
In base 12, what is -8 - -267a5831?
267a5825
In base 13, what is -43cb97b6 + -5?
-43cb97bb
In base 7, what is -42 - 1604331?
-1604403
In base 15, what is 2d75935 - 4?
2d75931
In base 5, what is 101 - 12033231033?
-12033230432
In base 4, what is -3121221320030 + -10?
-3121221320100
In base 13, what is -5 - 251285?
-25128a
In base 10, what is 181 - -31396?
31577
In base 7, what is 3235126355 + -6?
3235126346
In base 7, what is -160116 + -1022?
-161141
In base 13, what is -4b + -61201?
-6124c
In base 8, what is 366646124 - -5?
366646131
In base 16, what is -8 + 3a17ffb?
3a17ff3
In base 3, what is 11221 + 1022110110012?
1022110122010
In base 12, what is 29 - -458662?
45868b
In base 7, what is 110 - 6305433?
-6305323
In base 13, what is -2483214 + 2?
-2483212
In base 13, what is -1718b - 105?
-17293
In base 5, what is 3104224 - 4210?
3100014
In base 13, what is 423b215 + -c?
423b206
In base 15, what is -58c09 + 316?
-588e3
In base 7, what is 1 - 1004065550?
-1004065546
In base 14, what is 20716 + 255?
2096b
In base 12, what is -250 + -18563b?
-18588b
In base 9, what is -11655 + -850?
-12615
In base 6, what is -411105 - 2133?
-413242
In base 12, what is 2 + -9738a06?
-9738a04
In base 2, what is -10100101 + 11110010000000101?
11110001101100000
In base 13, what is 452a2 - -11?
452b3
In base 3, what is 22 + -10001002200111221?
-10001002200111122
In base 11, what is 5 - -53a813a?
53a8144
In base 3, what is 2122 - 10212002002?
-10211222110
In base 13, what is -5a8 - -3618?
3040
In base 16, what is 3 - 15a768?
-15a765
In base 2, what is 100110 + 100000000000000110011110?
100000000000000111000100
In base 8, what is -17235 + 230?
-17005
In base 3, what is 102200200010012 + -20?
102200200002222
In base 11, what is -1256a - -26?
-12544
In base 16, what is 14e7f2ce + 0?
14e7f2ce
In base 5, what is -12021 + 304044?
242023
In base 14, what is -3da6a91 - 0?
-3da6a91
In base 12, what is 12b21 - -1118?
14039
In base 6, what is -4 + -1324240020?
-1324240024
In base 3, what is 2202102000000021 - -101?
2202102000000122
In base 7, what is -4 + -323121443?
-323121450
In base 11, what is 59a84 - -24a3?
61477
In base 8, what is -461347275 + -2?
-461347277
In base 16, what is 13703d - -94?
1370d1
In base 8, what is -1603575 - 136?
-1603733
In base 3, what is 1 - 102122011202010212?
-102122011202010211
In base 3, what is 210110 - 110012210?
-102102100
In base 5, what is -1 + 103114134443?
103114134442
In base 8, what is -47105 - 31135?
-100242
In base 14, what is -928ca2cb - 0?
-928ca2cb
In base 16, what is 39 - -28176?
281af
In base 15, what is -3e40 + -777?
-46b7
In base 14, what is d7bd1 + 12?
d7c03
In base 7, what is 1246351023 + 14?
1246351040
In base 16, what is 8 + 5f98024?
5f9802c
In base 4, what is -101 - 13210103222?
-13210103323
In base 5, what is -20040111404 - 0?
-20040111404
In base 9, what is 38183 - -148?
38342
In base 4, what is 3003111 - -110320?
3120031
In base 4, what is 2 + 1001103103212?
1001103103220
In base 14, what is a5397 - 70?
a5327
In base 16, what is -1096400d - -3?
-1096400a
In base 2, what is 110 - -11000101010100001110100011?
11000101010100001110101001
In base 5, what is -201432142230 - 2?
-201432142232
In base 15, what is 22 + -278764?
-278742
In base 14, what is -cc - 39c94?
-39d82
In base 16, what is -5f5 - 3e3c?
-4431
In base 4, what is 303203220020 - 12?
303203220002
In base 8, what is 151 + 3452003?
3452154
In base 3, what is 11211 + 20220011010?
20220022221
In base 12, what is -407b6 - 2bb?
-40ab5
In base 15, what is -3 + -173807a3?
-173807a6
In base 11, what is a38 + 14724?
15661
In base 6, what is 12 - 42423424?
-42423412
In base 9, what is 278 - -43286?
43575
In base 8, what is -1710124 - 6?
-1710132
In base 9, what is 5563306 + -2?
5563304
In base 8, what is -245744 - 2016?
-247762
In base 2, what is 100000 - 101011101111000110?
-101011101110100110
In base 13, what is 18a - -562?
71c
In base 14, what is 8026 - -1b1?
81d7
In base 5, what is 0 + -3301122424?
-3301122424
In base 8, what is -13052173 - -20?
-13052153
In base 12, what is 308a59 + 6?
308a63
In base 14, what is 3825 - 33648?
-2dc23
In base 14, what is -204d89 + -1b?
-204da6
In base 13, what is 1173bb35 + -4?
1173bb31
In base 2, what is 1001101001001101001 - -10001101111?
1001101011011011000
In base 15, what is -cd6a4 + 1a?
-cd689
In base 3, what is 0 + 1102012000122120?
1102012000122120
In base 2, what is 11101011000101001 + 11111100?
11101011100100101
In base 3, what is -11012200 - -10122111?
-120012
In base 10, what is 727 - 24709?
-23982
In base 8, what is -3 + -54463146?
-54463151
In base 9, what is -126 + 7271013?
7270776
In base 4, what is 200121112 + -211?
200120301
In base 3, what is -12201000 + 101202210?
12001210
In base 10, what is -5 + 31001008?
31001003
In base 16, what is -2001 - 5c91?
-7c92
In base 14, what is 896 - -929?
13c1
In base 5, what is 30313010 + -1141?
30311314
In base 14, what is -19d + -389?
-548
In base 16, what is 37 + e69ef2?
e69f29
In base 16, what is aa661 - cb?
aa596
In base 5, what is -2 - -4312000002?
4312000000
In base 16, what is 6 + e66b730?
e66b736
In base 4, what is 22112 + 131212133?
131300311
In base 5, what is 10 - 11004120402?
-11004120342
In base 4, what is -11 + 3012110102203?
3012110102132
In base 10, what is 4 + 3714600?
3714604
In base 13, what is 10 + 27a418?
27a428
In base 10, what is -233 + 15454?
15221
In base 16, what is -1cd3ee + 143?
-1cd2ab
In base 16, what is -abc7d6 + -4f?
-abc825
In base 3, what is -12 + -10000100001222?
-10000100002011
In base 11, what is 2 + -124a87?
-124a85
In base 15, what is 83 + 148db2?
148e45
In base 8, what is -65 - -14667?
14602
In base 8, what is 2067507 - 1?
2067506
In base 5, what is 134 - 4422024330?
-4422024141
In base 14, what is 45132 + -29c6?
4254a
In base 4, what is -323013323 - 13013?
-323033002
In base 3, what is 10200112202102 + -2?
10200112202100
In base 16, what is -4970 + -878?
-51e8
In base 6, what is 14200545 + 235?
14201224
In base 10, what is -1924 - 65403?
-67327
In base 11, what is -13694763 + -4?
-13694767
In base 13, what is 1cc7599 + -a?
1cc758c
In base 2, what is 101 - -100101100101101000110110?
100101100101101000111011
In base 16, what is -2 + -7689a2?
-7689a4
In base 15, what is 45c2511 - -5?
45c2516
In base 15, what is 167